at is the remainder when 48998 is divided by 196?
194
Calculate the remainder when 11379 is divided by 39.
30
What is the remainder when 31638 is divided by 26?
22
Calculate the remainder when 26221 is divided by 268.
225
Calculate the remainder when 125561 is divided by 45.
11
What is the remainder when 45471 is divided by 318?
315
What is the remainder when 2805 is divided by 76?
69
What is the remainder when 479 is divided by 431?
48
What is the remainder when 82493 is divided by 64?
61
What is the remainder when 3307 is divided by 82?
27
What is the remainder when 9113 is divided by 110?
93
Calculate the remainder when 9593 is divided by 165.
23
What is the remainder when 434180 is divided by 669?
668
What is the remainder when 1868 is divided by 75?
68
What is the remainder when 103920 is divided by 27?
24
What is the remainder when 18116 is divided by 362?
16
Calculate the remainder when 2272462 is divided by 387.
385
Calculate the remainder when 72781 is divided by 24235.
76
Calculate the remainder when 4971 is divided by 387.
327
What is the remainder when 13333 is divided by 240?
133
Calculate the remainder when 14892 is divided by 4923.
123
Calculate the remainder when 554 is divided by 35.
29
What is the remainder when 115280 is divided by 117?
35
What is the remainder when 32148 is divided by 1236?
12
Calculate the remainder when 6629 is divided by 15.
14
Calculate the remainder when 662763 is divided by 110456.
27
What is the remainder when 6384305 is divided by 474?
473
What is the remainder when 1677 is divided by 814?
49
What is the remainder when 92052 is divided by 30680?
12
What is the remainder when 12242 is divided by 922?
256
Calculate the remainder when 3506 is divided by 78.
74
Calculate the remainder when 925343 is divided by 918.
917
Calculate the remainder when 1494 is divided by 590.
314
Calculate the remainder when 7732 is divided by 87.
76
What is the remainder when 1542742 is divided by 28?
26
What is the remainder when 30251 is divided by 169?
0
What is the remainder when 497 is divided by 103?
85
Calculate the remainder when 2418 is divided by 2389.
29
What is the remainder when 26100 is divided by 6478?
188
What is the remainder when 1082493 is divided by 192?
189
Calculate the remainder when 400109 is divided by 12503.
13
What is the remainder when 3970 is divided by 248?
2
Calculate the remainder when 55241 is divided by 425.
416
What is the remainder when 45830 is divided by 22907?
16
What is the remainder when 765688 is divided by 75?
13
Calculate the remainder when 1759 is divided by 155.
54
Calculate the remainder when 1887 is divided by 185.
37
What is the remainder when 4530 is divided by 1505?
15
Calculate the remainder when 52212 is divided by 214.
210
What is the remainder when 10588 is divided by 2117?
3
Calculate the remainder when 183088 is divided by 2129.
2123
What is the remainder when 3953 is divided by 2229?
1724
What is the remainder when 3464 is divided by 688?
24
Calculate the remainder when 17909 is divided by 234.
125
What is the remainder when 3504567 is divided by 6?
3
What is the remainder when 183735 is divided by 58?
49
Calculate the remainder when 45350 is divided by 6471.
53
What is the remainder when 92955 is divided by 18582?
45
What is the remainder when 10404 is divided by 1037?
34
Calculate the remainder when 22163 is divided by 573.
389
What is the remainder when 483372 is divided by 375?
372
What is the remainder when 298 is divided by 145?
8
Calculate the remainder when 3037 is divided by 58.
21
What is the remainder when 1674874 is divided by 573?
568
What is the remainder when 66455 is divided by 78?
77
What is the remainder when 1369 is divided by 122?
27
Calculate the remainder when 3879 is divided by 1752.
375
Calculate the remainder when 18168 is divided by 404.
392
Calculate the remainder when 6378 is divided by 172.
14
Calculate the remainder when 946716 is divided by 971.
962
Calculate the remainder when 603 is divided by 19.
14
Calculate the remainder when 5050 is divided by 1881.
1288
Calculate the remainder when 2145454 is divided by 1268.
1266
Calculate the remainder when 205222 is divided by 68.
66
What is the remainder when 9264 is divided by 590?
414
Calculate the remainder when 66051 is divided by 33019.
13
What is the remainder when 32081 is divided by 84?
77
What is the remainder when 31726 is divided by 244?
6
What is the remainder when 18278566 is divided by 18?
16
Calculate the remainder when 32177 is divided by 2145.
2
What is the remainder when 3235 is divided by 30?
25
What is the remainder when 2485 is divided by 289?
173
Calculate the remainder when 28697 is divided by 79.
20
What is the remainder when 83449 is divided by 413?
23
Calculate the remainder when 2320432 is divided by 1231.
1228
What is the remainder when 12417 is divided by 5937?
543
What is the remainder when 140320 is divided by 2378?
18
What is the remainder when 486691 is divided by 243338?
15
Calculate the remainder when 367630 is divided by 863.
855
Calculate the remainder when 293458 is divided by 438.
436
What is the remainder when 3102 is divided by 123?
27
Calculate the remainder when 1428 is divided by 1265.
163
What is the remainder when 46590 is divided by 55?
5
What is the remainder when 413 is divided by 31?
10
What is the remainder when 15784 is divided by 681?
121
Calculate the remainder when 156672 is divided by 11.
10
Calculate the remainder when 223487 is divided by 38.
9
Calculate the remainder when 7262 is divided by 3034.
1194
Calculate the remainder when 30978 is divided by 3096.
18
Calculate the remainder when 33226 is divided by 84.
46
Calculate the remainder when 42670 is divided by 347.
336
What is the remainder when 21844 is divided by 49?
39
Calculate the remainder when 25359 is divided by 25.
9
Calculate the remainder when 3958 is divided by 405.
313
Calculate the remainder when 20135 is divided by 3978.
245
What is the remainder when 5038 is divided by 717?
19
What is the remainder when 15843 is divided by 121?
113
What is the remainder when 44920 is divided by 93?
1
What is the remainder when 7495 is divided by 7335?
160
Calculate the remainder when 8440 is divided by 76.
4
What is the remainder when 372513 is divided by 2500?
13
What is the remainder when 30599 is divided by 766?
725
Calculate the remainder when 102021 is divided by 55.
51
What is the remainder when 1588 is divided by 189?
76
What is the remainder when 113441 is divided by 41?
35
Calculate the remainder when 6292 is divided by 61.
9
What is the remainder when 1557 is divided by 291?
102
Calculate the remainder when 3001 is divided by 1018.
965
What is the remainder when 21313 is divided by 5?
3
Calculate the remainder when 1877 is divided by 598.
83
What is the remainder when 113783 is divided by 28445?
3
Calculate the remainder when 19544 is divided by 3906.
14
Calculate the remainder when 372062 is divided by 46507.
6
What is the remainder when 234 is divided by 110?
14
Calculate the remainder when 11698 is divided by 2334.
28
Calculate the remainder when 3395 is divided by 676.
15
Calculate the remainder when 6029 is divided by 502.
5
Calculate the remainder when 9780 is divided by 350.
330
Calculate the remainder when 164813 is divided by 55.
33
What is the remainder when 8852 is divided by 8852?
0
What is the remainder when 227742 is divided by 21?
18
What is the remainder when 21158 is divided by 19?
11
What is the remainder when 4000 is divided by 3993?
7
Calculate the remainder when 8884 is divided by 1976.
980
Calculate the remainder when 29908 is divided by 29904.
4
What is the remainder when 6655 is divided by 950?
5
What is the remainder when 10225 is divided by 403?
150
What is the remainder when 214150 is divided by 42829?
5
Calculate the remainder when 32030 is divided by 31966.
64
What is the remainder when 209350 is divided by 20934?
10
What is the remainder when 4667 is divided by 81?
50
What is the remainder when 2160 is divided by 57?
51
Calculate the remainder when 12825 is divided by 101.
99
Calculate the remainder when 1120 is divided by 753.
367
What is the remainder when 20912 is divided by 214?
154
Calculate the remainder when 5787 is divided by 1119.
